 (20 + -15)
2
Evaluate (6 - 1) + -3 + -4 - -1.
-1
What is -1 + 7 + (-38 - -32)?
0
-7 - -3 - (0 + -3 + -5)
4
7 - (4 - (12 - 6) - -7)
2
Calculate 6 - (13 + 2 - 6 - 1).
-2
Evaluate 6 + -2 - ((4 - 6) + 1).
5
Evaluate (0 + 5 - 3) + 2 - 6.
-2
3 + (0 - 1 - (23 + -25))
4
What is (12 - 12) + -1 + 4?
3
Calculate 13 + -19 - (1 + -6).
-1
Calculate 4 - (11 - (-2 - -17)).
8
What is the value of 1 + -5 + (2 - 3) - -3?
-2
Evaluate (1 - (5 - 3)) + 3.
2
What is -2 + -13 + 13 - -3?
1
What is 3 + -6 + (4 - 3) + 4?
2
Evaluate 2 + -7 - (-7 - -6) - 2.
-6
Calculate -16 + 24 - (1 + 3).
4
Evaluate 0 + -5 - -5 - 0.
0
-2 + -10 + 5 + 2
-5
Evaluate -4 + 2 + -2 + -1.
-5
-1 + 0 + (2 - 4)
-3
Evaluate 4 + (0 - (0 + 0)).
4
What is 5 - (-8 - -12 - -1)?
0
Evaluate 4 - (7 + -1) - (1 - 7).
4
Evaluate 8 - (5 + (3 - 5)).
5
Calculate 8 + (1 + (3 - 8) - 0).
4
(11 + -4 - 2) + -4 + 5
6
What is the value of (0 - (6 - 1)) + 3?
-2
What is the value of -5 + (-1 - -3) + -1?
-4
What is the value of 0 + -1 + -2 + 3?
0
Evaluate 90 + -80 - (-1 + 14).
-3
What is (-5 - (-13 - 1)) + -7?
2
Evaluate -5 - ((-15 - -5) + 2).
3
What is the value of -2 - (-3 - 3) - (-14 + 13)?
5
What is 2 - -2 - 5 - 0 - -1?
0
Evaluate 1 + (4 - (-3 - -8)).
0
Evaluate -1 + 0 + 1 + -5.
-5
Evaluate 4 + (-5 - (-4 - -1)).
2
What is the value of 19 - 0 - (189 + -174)?
4
Calculate -4 + (12 - (0 + 4)).
4
Evaluate -3 + 24 + -6 + -15.
0
Evaluate -13 - (2 + -20 + 12).
-7
(1 - 2) + -3 + -104 + 107
-1
What is 20 + -14 - (-1 + 9)?
-2
(-5 - (-5 + -5 + 7)) + 5
3
Evaluate 11 - ((3 - 0) + 3).
5
Evaluate -2 + (3 - 4) + -2 + 8.
3
Calculate 4 + (-2 - (0 + 2)) + 3.
3
Evaluate 3 + (13 + -6 - 5 - 0).
5
Evaluate -5 - (-8 - 0 - (-25 - -21)).
-1
Evaluate 1 - 2 - (16 - 18).
1
What is the value of -7 - (5 + 5 - 9)?
-8
Evaluate 12 + -4 + -16 - (-1 + -10).
3
What is the value of (-2 - 1) + 7 + -4 + 1?
1
2 + 4 + 1 - 2
5
What is -2 + (2 - 1) - (2 - 3)?
0
-3 + (-9 - -20) + 0
8
Calculate 1 + (5 + -9 - -6).
3
Calculate -1 + (4 - 3 - 5) + 4.
-1
Evaluate 1 + 0 - (6 + -3).
-2
Calculate -7 + -3 - (3 - 7 - -1).
-7
Evaluate (4 - (18 - 9)) + 4 + 0.
-1
What is the value of (2 + 2 - 10) + -4 + 2?
-8
Calculate 8 + 2 + -6 + (-5 - -4).
3
What is 2 - (11 - -3) - (-6 - 1)?
-5
What is the value of -5 + -5 + 12 + (0 - 5)?
-3
-4 + -3 + 4 + 3
0
What is the value of (6 - -16 - 10) + -9 + 4?
7
What is the value of 0 + 2 + -2 + -1?
-1
-9 + (-5 - -9) - -4
-1
-10 - (-15 - -8) - -8
5
What is (8 - 0) + -95 + 84?
-3
What is (-3 - -7) + 1 + -1?
4
What is the value of -3 - (1 - (9 + -1))?
4
Calculate -7 - (-1 - (-5 - -8)).
-3
4 - (-4 + (-3 - -6) - -1)
4
Calculate -6 - (16 + -8 - 11).
-3
3 - (-5 - (-7 + 1 + 0))
2
What is the value of (-6 - -7) + (-2 - -5)?
4
What is the value of -2 - -10 - (1 - -3)?
4
Evaluate (-2 - 0) + 1 + -3 + 4.
0
What is 0 - (5 + -6) - -3?
4
Evaluate 12 + 4 + -12 + -1.
3
Calculate 2 + 3 + (-11 - -6).
0
What is the value of -1 - 6 - (-14 + 10)?
-3
Calculate (-4 + 7 - -1) + -14 - -6.
-4
Calculate (-6 + 2 - -4) + -1.
-1
5 + -3 + -8 + 3 - 2
-5
Evaluate (9 - 13) + 6 - 13.
-11
Calculate -3 - (-1 + 4 + -4 + -5).
3
What is -13 - (8 - 10) - -6?
-5
What is the value of (6 - 3 - 5) + -3 + 10?
5
3 + 8 + -1 - 17
-7
What is 20 + -11 + -19 - -4?
-6
Calculate 1 + (0 + 1 + -4 - -6).
4
What is 2 - ((-4 - (2 + -5)) + -2)?
5
-1 - (-5 - (-6 - (1 - 2)))
-1
What is (1 + 1 - -1) + (-3 - -3)?
3
What is 4 - 1 - (-12 + 5 - -8)?
2
Evaluate -5 - (6 - 8) - -4.
1
Evaluate -21 + 16 + -1 + 4 - 3.
-5
What is the value of 2 - -1 - 2 - (10 - 15)?
6
-4 - (-1 + (4 - 5))
-2
Calculate -2 - -2 - 1 - 0.
-1
What is the value of (-11 - -15) + -2 + 0?
2
5 + (13 - (-7 + 33))
-8
What is the value of 16 + (-4 - -12 - 20)?
4
0 + (0 - 6) + 10
4
Calculate (-2 - 1) + (-4 + 1 - -7).
1
Calculate 4 + -9 - (-3 + -3).
1
2 + (-7 + 7 + -2 - 2)
-2
-4 - (3 + -5) - -5
3
What is the value of -1 + -1 + 2 + 1 + 0?
1
-3 + -11 + 3 + 5
-6
What is the value of (22 + -12 - 11) + (0 - -6)?
5
What is the value of 11 - (-3 + -4 + 3 - -8)?
7
Evaluate -3 + 3 + (-2 - (-1 + 1)).
-2
96 - 88 - (14 - (2 + -5))
-9
Calculate 10 + (8 - (10 - 0)).
8
What is the value of 0 - -2 - (-4 - -2 - 0)?
4
(-8 - -4) + -4 - (0 + -5)
-3
What is (-3 - (-1 - -4)) + 4 + -4?
-6
Calculate 1 - -1 - (-8 - -13).
-3
Calculate (-6 - (-1 - 5 - -2)) + 2.
0
What is the value of -8 + 6 - -6 - (5 + -2)?
1
Evaluate -3 + (-6 - -5) + 0.
-4
3 + 0 + -7 + (-12 - -9)
-7
Calculate (3 - 0 - (61 - 55)) + 3.
0
Evaluate -4 + 13 - 12 - -4.
1
(-1 - -1 - -1) + 3
4
What is (-2 - -5) + 7 + -11?
-1
-18 + 2 - -9 - -2
-5
Evaluate -55 + 55 - (0 - 0 - 7).
7
(5 - 5 - -3) + -1 + 1
3
Calculate -4 + (-2 - -1 - 2 - -10).
3
What is 15 + 2 + (38 - 49)?
6
Evaluate (1 - 0) + (15 - 9 - 4).
3
What is (-10 - 1) + 4 + 0 + 2?
-5
Evaluate 1 + (0 - 4) + (-1 - 1).
-5
Evaluate -7 - (-15 + 18 + (-5 - 1)).
-4
Calculate -2 + (-3 - (-5 + 2)).
-2
Evaluate 12 - 23 - (4 + -16).
1
-4 - (-10 + 1 + -1)
6
What is the value of 0 + (-3 - (6 - 5))?
-4
Calculate 0 - (6 - 1) - (2 + -2).
-5
Evaluate 4 - (5 + -1 + -1).
1
What is -6 - (7 + -2 + -18) - 0?
7
What is the value of -2 + (-8 - (2 - 5)) - -7?
0
What is the value of 1 - (0 + -2 + 0 + 2)?
1
0 - -9 - (-23 - (-25 + 0))
7
Evaluate 2 - (6 - ((-5 - -4) + 3)).
-2
6 + 2 + (-24 - -12)
-4
Evaluate (2 + 0 - (6 - 1)) + 5.
2
Evaluate 2 + (2 - 0) + -4 + 2.
2
What is the value of 2 + (-5 - -3) + -3?
-3
Evaluate (-34 - -41) + (-1 - 4) + 1.
3
Calculate -4 - (-4 - (0 - 3)).
-3
Calculate 2 - 5 - 1 - 3.
-7
Calculate -1 + 9 - (34 - 21).
-5
What is 2 - (-3 - (2 + -5) - 2)?
4
What is 6 - (1 - -3 - (2 - 3))?
1
-6 - (-16 + 3 + 2)
5
Calculate -3 + 1 + -1 + 0 + 8.
5
Evaluate 1 + -4 + (-4 - -4) + 2.
-1
6 + (-12 - -3 - -8)
5
-6 - (-10 - -6 - 2 - 2)
2
What is the value of -7 - (-10 + -8 + 5 - -4)?
2
What is (36 - 38) + -1 + 6?
3
What is the value of 1 - -1 - -9 - 15?
-4
Calculate -2 - (-1 + 3) - -4.
0
What is the value of (36 - 43) + (-2 - -2)?
-7
-6 - (-23 - -10) - (5 - 0)
2
What is 0 - -3 - (1 + (13 - 7))?
-4
Evaluate -6 - (-3 + 1 + (-22 - -19)).
-1
Evaluate -5 - -4 - (8 - (-3 - -18)).
6
Evaluate -5 - (-5 - (1 + 4)).
5
-1 + 2 - (33 - 27)
-5
Evaluate 8 + -14 + 1 - -9.
4
What is the value of 26 + -9 + -12 + 0 + 3?
8
What is 11 - (1 - -4 - -11)?
-5
-5 + -1 + (11 - 2)
3
What is -3 + (-3 - -5 - -3)?
2
What is the value of -19 + 9 - (-2 + -6)?
-2
3 + (0 - -8 - 8)
3
What is (3 - (2 + 10) - -6) + 1?
-2
What is (5 - -7 - 2) + -6?
4
24 + -19 - (8 - 2) - -5
4
Calculate 2 - (0 - (1 + 1)).
4
2 + -1 + 0 + 1 - 0
2
Evaluate (-5 - (-12 - -3)) + -5.
-1
17 + (-13 - (5 - 8))
7
Evaluate -66 + 75 + (1 - 2).
8
Evaluate -5 + -4 + 6 + -1 + 3.
-1
Calculate 0 - (-4 - (-2 + -5) - 0).
-3
What is the value of 5 + -2 + -4 - -2?
1
(-1 - -2) + 4 + -5
0
Calculate (-2 - -1 - -3) + (0 - 2).
0
Calculate 12 + (3 - (11 - -5)).
-1
Calculate 8 - (-1 - (0 + -5) - 1).
5
What is (-4 - -1 - -5) + -3 + 2?
1
What is 5 - (4 + 2 - 9)?
8
Evaluate -6 - -9 - ((2 - 4) + 1).
4
Evaluate (42 - 43) + -1 + 0.
-2
What is (6 + -3 - (5 + 0)) + 4?
2
Calculate 2 + -3 + 4 - (3 + -6).
6
Calculate 5 - (-3 + -1 + 16 - 3).
-4
What is the value of (-3 + 2 - -15) + -7 - 13?
-6
Evaluate 0 + 0 + -9 + 4 + 3.
-2
What is 19 - (8 + 0) - 5?
6
2 - ((-3 - -6) + -4)
3
What is -5 - -9 - (3 - 2)?
3
Evaluate (-10 - -8) + 1 - (1 + -2).
0
Evaluate -19 + 7 + 18 + (-1 - 2).
3
Evaluate -4 + -1 + (5 - 5).
-5
What is 4 + (1 + -12 - -1) + 0?
-6
What is the value of (-2 - -2) + -6 - -1?
-5
Evaluate -9 - -16 - (-2 + -2 + 1).
10
What is -7 + 2 + (5 - -6)?
6
Calculate 424 - 418 - (11 - (-1 + 2)).
-4
Evaluate -8 + 3 + 1 - -1.
-3
What is -1 + 9 + (-6 - -3)?
5
What is the value of 0 + -3 - (-2 + 2 + 0)?
-3
(6 - 5) + (3 - 2)
2
Calculate 1 + -4 + -1 - -2.
-2
What is the value of 3 + -1 - (-32 + 36)?
-2
Calculate 24 + -14 - (0 - (0 + -2)).
8
Calculate -12 + 18 + (2 - 13).
-5
Evaluate -1 + (0 - 0) + (11 - 5).
5
What is -4 + -1 - (-12 - -3 - -8)?
-4
Evaluate (13 - 15) + 6 - (2 - -8).
-6
What is the value of (5 - 1) + -16 + (11 - 3)?
-4
-2 - (-5 + 7 + -2)
-2
Evaluate 2 + 5 + -9 - 2.
-4
Calculate 1 - (1 + 1 - (-8 + 10)).
1
Calculate -7 - (6 + (-5 + 0 - 2)).
-6
Evaluate (6 - 2 - -1) + -7.
-2
What is the value of 7 + 16 + -28 + (0 - -7)?
2
What is -9 + 12 + (-1 - -2) - 3?
1
What is the value of (-3 - (2 + 3)) + 4?
-4
What is the value of -1 - (1 - (1 + 3 - -2))?
4
What is (-1 - (-4 + 11)) + 15?
7
What 